{"id":238144,"date":"2019-02-21T09:44:19","date_gmt":"2019-02-21T15:44:19","guid":{"rendered":"http:\/\/docentes.uaa.mx\/guido\/?page_id=238144"},"modified":"2019-02-21T09:50:42","modified_gmt":"2019-02-21T15:50:42","slug":"chat-java-rmi","status":"publish","type":"page","link":"https:\/\/docentes.uaa.mx\/guido\/materias\/isc-8o-computo-distribuido\/chat-java-rmi\/","title":{"rendered":"Chat &#8211; Java &#8211; RMI"},"content":{"rendered":"<p>1.- Descargue los c\u00f3digos<\/p>\n<a href=\"https:\/\/docentes.uaa.mx\/guido\/?ddownload=238146\" title=\"C\u00f3digos Java RMI\" rel=\"nofollow\" class=\"ddownload-button button-blue id-238146 ext-zip\">C\u00f3digos Java RMI<\/a>\n<p>&nbsp;<\/p>\n<p>2.- Usando la l\u00ednea de ordenes del sistema (CLI) realizar los siguientes pasos:<\/p>\n<p>a) Compilar los c\u00f3digos y registrar las interfaces<\/p>\n<p>$ javac ChatServerImpl.java<br \/>\n$ rmic ChatServerImpl<br \/>\n$ javac ChatClientImpl.java<\/p>\n<p>b) Iniciar el Servidor de Objetos Remotos y el Servidor de Chat (en el Server)<\/p>\n<p>$ start rmiregistry<br \/>\n$ java -Djava.security.policy=security.policy ChatServerImpl<\/p>\n<p>c) En el cliente arrancar el Cliente<\/p>\n<p>$ java -Djava.security.policy=security.policy ChatClientImpl<\/p>\n","protected":false},"excerpt":{"rendered":"<p>1.- Descargue los c\u00f3digos &nbsp; 2.- Usando la l\u00ednea de ordenes del sistema (CLI) realizar los siguientes pasos: a) Compilar los c\u00f3digos y registrar las interfaces $ javac ChatServerImpl.java $ rmic ChatServerImpl $ javac ChatClientImpl.java b) Iniciar el Servidor de Objetos Remotos y el Servidor de Chat (en el Server) $ start rmiregistry $ java [&hellip;]<\/p>\n","protected":false},"author":2,"featured_media":0,"parent":232108,"menu_order":0,"comment_status":"closed","ping_status":"closed","template":"","meta":{"ngg_post_thumbnail":0,"footnotes":""},"class_list":["post-238144","page","type-page","status-publish","hentry"],"_links":{"self":[{"href":"https:\/\/docentes.uaa.mx\/guido\/wp-json\/wp\/v2\/pages\/238144"}],"collection":[{"href":"https:\/\/docentes.uaa.mx\/guido\/wp-json\/wp\/v2\/pages"}],"about":[{"href":"https:\/\/docentes.uaa.mx\/guido\/wp-json\/wp\/v2\/types\/page"}],"author":[{"embeddable":true,"href":"https:\/\/docentes.uaa.mx\/guido\/wp-json\/wp\/v2\/users\/2"}],"replies":[{"embeddable":true,"href":"https:\/\/docentes.uaa.mx\/guido\/wp-json\/wp\/v2\/comments?post=238144"}],"version-history":[{"count":4,"href":"https:\/\/docentes.uaa.mx\/guido\/wp-json\/wp\/v2\/pages\/238144\/revisions"}],"predecessor-version":[{"id":238149,"href":"https:\/\/docentes.uaa.mx\/guido\/wp-json\/wp\/v2\/pages\/238144\/revisions\/238149"}],"up":[{"embeddable":true,"href":"https:\/\/docentes.uaa.mx\/guido\/wp-json\/wp\/v2\/pages\/232108"}],"wp:attachment":[{"href":"https:\/\/docentes.uaa.mx\/guido\/wp-json\/wp\/v2\/media?parent=238144"}],"curies":[{"name":"wp","href":"https:\/\/api.w.org\/{rel}","templated":true}]}}