{"id":28,"date":"2014-08-19T17:16:36","date_gmt":"2014-08-19T22:16:36","guid":{"rendered":"http:\/\/docentes.uaa.mx\/guido\/?page_id=28"},"modified":"2018-02-09T13:57:24","modified_gmt":"2018-02-09T19:57:24","slug":"materias","status":"publish","type":"page","link":"https:\/\/docentes.uaa.mx\/guido\/materias\/","title":{"rendered":"Materias"},"content":{"rendered":"<p style=\"text-align: left\"><em><strong>Cursos Actuales:<\/strong><\/em><\/p>\n<ul>\n<li><a title=\"Redes de Computadoras I\" href=\"http:\/\/docentes.uaa.mx\/guido\/materias\/redes-de-computadoras-ii\/\">Redes de Computadoras II<\/a>] para ISC 6 A<\/li>\n<li>[<a title=\"Redes de Computadoras II\" href=\"http:\/\/docentes.uaa.mx\/guido\/materias\/redes-de-computadoras-ii\/\">Redes de Computadoras II<\/a>] para ISC 6 B<\/li>\n<li>[<a href=\"https:\/\/docentes.uaa.mx\/guido\/materias\/ici-sistemas-operativos-ii\/\">Sistemas Operativos II<\/a>] para ICI 6o A<\/li>\n<\/ul>\n<p><em style=\"text-align: left\"><strong style=\"text-align: left\">Anteriores:<\/strong><\/em><\/p>\n<p>Semestre Agosto &#8211; Diciembre del 2017<\/p>\n<ul>\n<li><a title=\"UNIX\" href=\"http:\/\/docentes.uaa.mx\/guido\/materias\/unix-isc\/\">UNIX<\/a> para ISC 5o A<\/li>\n<li><a title=\"UNIX\" href=\"http:\/\/docentes.uaa.mx\/guido\/materias\/unix-isc\/\">UNIX<\/a> para ISC 5o B<\/li>\n<li><a title=\"UNIX\" href=\"http:\/\/docentes.uaa.mx\/guido\/materias\/unix-isc\/\">UNIX<\/a> para IE 7o B<\/li>\n<\/ul>\n<p>Semestre Enero &#8211; Julio del 2017<\/p>\n<ul>\n<li>[<a title=\"Redes de Computadoras I\" href=\"http:\/\/docentes.uaa.mx\/guido\/materias\/redes-de-computadoras-ii\/\">Redes de Computadoras II<\/a>] para ISC 6 A<\/li>\n<li>[<a title=\"Redes de Computadoras II\" href=\"http:\/\/docentes.uaa.mx\/guido\/materias\/redes-de-computadoras-ii\/\">Redes de Computadoras II<\/a>] para ISC 6 B<\/li>\n<li>[<a title=\"Redes de Computadoras II\" href=\"http:\/\/docentes.uaa.mx\/guido\/materias\/ici-redes-ii\/\">Redes II<\/a>] para ICI 8 A<\/li>\n<\/ul>\n<p style=\"text-align: left\">Semestre Agosto &#8211; Diciembre del 2016<\/p>\n<ul>\n<li style=\"text-align: left\"><a title=\"UNIX\" href=\"http:\/\/docentes.uaa.mx\/guido\/materias\/unix-isc\/\">UNIX<\/a> para ISC 5o A<\/li>\n<li style=\"text-align: left\"><a href=\"http:\/\/docentes.uaa.mx\/guido\/materias\/lti-redes-locales\/\">Redes Locales<\/a> para LTI 7o A<\/li>\n<li style=\"text-align: left\"><a href=\"http:\/\/docentes.uaa.mx\/guido\/materias\/ici-sistemas-operativos-1\/\">Sistemas Operativos I<\/a> para ICI 5o A<\/li>\n<\/ul>\n<p style=\"text-align: left\">Semestre Enero &#8211; Julio del 2016<\/p>\n<ul>\n<li>[<a title=\"Redes de Computadoras I\" href=\"http:\/\/docentes.uaa.mx\/guido\/materias\/redes-de-computadoras-i\/\">Redes de Computadoras I<\/a>] para ISC 4 B<\/li>\n<li>[<a title=\"Redes de Computadoras II\" href=\"http:\/\/docentes.uaa.mx\/guido\/materias\/redes-de-computadoras-ii\/\">Redes de Computadoras II<\/a>] para ISC 6 A<\/li>\n<li>[<a title=\"Redes de Computadoras II\" href=\"http:\/\/docentes.uaa.mx\/guido\/materias\/redes-de-computadoras-ii\/\">Redes de Computadoras II<\/a>] para ISC 6 B<\/li>\n<li>Curso de Capacitaci\u00f3n &#8220;Uso de la Nube Acad\u00e9mica del CCBas&#8221;<\/li>\n<\/ul>\n<p style=\"text-align: left\">Semestre Agosto &#8211; Diciembre del 2015<\/p>\n<ul>\n<li><a title=\"UNIX\" href=\"http:\/\/docentes.uaa.mx\/guido\/materias\/unix-isc\/\">UNIX<\/a> para ISC 5o A<\/li>\n<li><a title=\"Introducci\u00f3n a la Ingenier\u00eda\" href=\"http:\/\/docentes.uaa.mx\/guido\/materias\/introduccion-a-la-ingenieria\/\">Introducci\u00f3n a la Ingenier\u00eda<\/a> para ISC 1o B<\/li>\n<li>Redes de Computadoras III para ISC 7o A<\/li>\n<li>Curso de Capacitaci\u00f3n &#8220;Construcci\u00f3n de Espacios Acad\u00e9micos&#8221;, Programa aqu\u00ed -&gt; <a href=\"https:\/\/docentes.uaa.mx\/guido\/?ddownload=499\" title=\"Download\" rel=\"nofollow\" class=\"ddownload-button button-blue id-499 ext-pdf\">Download<\/a><\/li>\n<\/ul>\n<p style=\"text-align: left\">Semestre Enero &#8211; Julio del 2015<\/p>\n<p style=\"text-align: left\">Semestre Agosto &#8211; Diciembre del 2014<\/p>\n<ul>\n<li><a title=\"UNIX\" href=\"http:\/\/docentes.uaa.mx\/guido\/materias\/unix-isc\/\">UNIX<\/a> para ISC 5o A<\/li>\n<li><a title=\"Introducci\u00f3n a la Ingenier\u00eda\" href=\"http:\/\/docentes.uaa.mx\/guido\/materias\/introduccion-a-la-ingenieria\/\">Introducci\u00f3n a la Ingenier\u00eda<\/a> para ISC 1o B<\/li>\n<li>Sistema Operativo Multiusuario para LTI 3o A<\/li>\n<\/ul>\n<p style=\"text-align: left\">Semestre Enero &#8211; Julio del 2014<\/p>\n<ul>\n<li>[<a title=\"Redes de Computadoras II\" href=\"http:\/\/docentes.uaa.mx\/guido\/materias\/redes-de-computadoras-ii\/\">Redes de Computadoras II<\/a>] para ISC 6 A<\/li>\n<li>[<a title=\"Redes de Computadoras II\" href=\"http:\/\/docentes.uaa.mx\/guido\/materias\/redes-de-computadoras-ii\/\">Redes de Computadoras II<\/a>] para ISC 6 B<\/li>\n<li>&nbsp;[Teleproceso] para IE 6 B<\/li>\n<\/ul>\n<p style=\"text-align: left\">Semestre Agosto a Diciembre del 2013<\/p>\n<ul>\n<li><a title=\"UNIX\" href=\"http:\/\/docentes.uaa.mx\/guido\/materias\/unix\/\">UNIX<\/a> para ISC 5o A<\/li>\n<li><a title=\"Introducci\u00f3n a la Ingenier\u00eda\" href=\"http:\/\/docentes.uaa.mx\/guido\/materias\/introduccion-a-la-ingenieria\/\">Introducci\u00f3n a la Ingenier\u00eda<\/a> para ISC 1o B<\/li>\n<li><a title=\"Redes Locales\" href=\"http:\/\/docentes.uaa.mx\/guido\/materias\/lti-redes-locales\/\">Redes Locales<\/a> para LTI 7o A<\/li>\n<\/ul>\n<p style=\"text-align: left\">Semestre Enero a Julio del 2013<\/p>\n<ul>\n<li>[<a title=\"Redes de Computadoras II\" href=\"http:\/\/docentes.uaa.mx\/guido\/materias\/redes-de-computadoras-ii\/\">Redes de Computadoras II<\/a>] para ISC 6 A<\/li>\n<li>[<a title=\"Redes de Computadoras II\" href=\"http:\/\/docentes.uaa.mx\/guido\/materias\/redes-de-computadoras-ii\/\">Redes de Computadoras II<\/a>] para ISC 6 B<\/li>\n<li>&nbsp;[Teleproceso] para LTI 6 A<\/li>\n<li>Tutor\u00eda Longitudinal: ISC 6 B<\/li>\n<\/ul>\n<p style=\"text-align: left\">Enero a Diciembre del 2012<\/p>\n<ul>\n<li>Estoy de Sab\u00e1tico trabajando en mi proyecto<\/li>\n<\/ul>\n<p style=\"text-align: left\">Semestre Agosto a Diciembre del 2011<\/p>\n<ul>\n<li>[<a title=\"Introducci\u00f3n a la Ingenier\u00eda\" href=\"http:\/\/docentes.uaa.mx\/guido\/materias\/introduccion-a-la-ingenieria\/\">Introducci\u00f3n a la Ingenier\u00eda<\/a>] para ISC 1 A<\/li>\n<li>[<a title=\"Introducci\u00f3n a la Ingenier\u00eda\" href=\"http:\/\/docentes.uaa.mx\/guido\/materias\/introduccion-a-la-ingenieria\/\">Introducci\u00f3n a la Ingenier\u00eda<\/a>] para ISC 1 B<\/li>\n<li><a title=\"Redes de Computadoras II\" href=\"http:\/\/docentes.uaa.mx\/guido\/materias\/redes-de-computadoras-ii\/\">Redes de Computadoras II<\/a> para ISC 7 A<\/li>\n<li>Tutor\u00eda: ISC 7 A<\/li>\n<\/ul>\n<p>&nbsp;<\/p>\n<p><a href=\"https:\/\/docentes.uaa.mx\/guido\/?ddownload=499\" title=\"Alternativa para bajar Programa de WordPress\" rel=\"nofollow\" class=\"ddownload-button button-green id-499 ext-pdf\">Alternativa para bajar Programa de WordPress<\/a> Se ha descargado: 3 veces<\/p>\nngg_shortcode_0_placeholder\n<div class=\"itanywhere-activator\" title=\"Google Translator Anywhere\">&nbsp;<\/div>\n","protected":false},"excerpt":{"rendered":"<p>Cursos Actuales: Redes de Computadoras II] para ISC 6 A [Redes de Computadoras II] para ISC 6 B [Sistemas Operativos II] para ICI 6o A Anteriores: Semestre Agosto &#8211; Diciembre del 2017 UNIX para ISC 5o A UNIX para ISC 5o B UNIX para IE 7o B Semestre Enero &#8211; Julio del 2017 [Redes de [&hellip;]<\/p>\n","protected":false},"author":2,"featured_media":0,"parent":0,"menu_order":1,"comment_status":"closed","ping_status":"closed","template":"","meta":{"ngg_post_thumbnail":0,"footnotes":""},"class_list":["post-28","page","type-page","status-publish","hentry"],"_links":{"self":[{"href":"https:\/\/docentes.uaa.mx\/guido\/wp-json\/wp\/v2\/pages\/28"}],"collection":[{"href":"https:\/\/docentes.uaa.mx\/guido\/wp-json\/wp\/v2\/pages"}],"about":[{"href":"https:\/\/docentes.uaa.mx\/guido\/wp-json\/wp\/v2\/types\/page"}],"author":[{"embeddable":true,"href":"https:\/\/docentes.uaa.mx\/guido\/wp-json\/wp\/v2\/users\/2"}],"replies":[{"embeddable":true,"href":"https:\/\/docentes.uaa.mx\/guido\/wp-json\/wp\/v2\/comments?post=28"}],"version-history":[{"count":22,"href":"https:\/\/docentes.uaa.mx\/guido\/wp-json\/wp\/v2\/pages\/28\/revisions"}],"predecessor-version":[{"id":43946,"href":"https:\/\/docentes.uaa.mx\/guido\/wp-json\/wp\/v2\/pages\/28\/revisions\/43946"}],"wp:attachment":[{"href":"https:\/\/docentes.uaa.mx\/guido\/wp-json\/wp\/v2\/media?parent=28"}],"curies":[{"name":"wp","href":"https:\/\/api.w.org\/{rel}","templated":true}]}}