{"id":35,"date":"2014-08-19T17:22:50","date_gmt":"2014-08-19T22:22:50","guid":{"rendered":"http:\/\/docentes.uaa.mx\/guido\/?page_id=35"},"modified":"2016-08-10T07:54:38","modified_gmt":"2016-08-10T12:54:38","slug":"academia","status":"publish","type":"page","link":"https:\/\/docentes.uaa.mx\/guido\/academia\/","title":{"rendered":"Academia"},"content":{"rendered":"<p>Como Acad\u00e9mico, soy miembro de la Academia de Redes y Sistemas Distribuidos, en la cual realizo o participo en proyectos en conjunto con otras \u00e1reas de la Universidad Aut\u00f3noma de Aguascalientes.<\/p>\n<p>Te comparto mi trabajo como Acad\u00e9mico:<\/p>\n<p>Desde el a\u00f1o 2013 he regresado a dar mis materias y desde Agosto del 2013 y hasta Junio del 2016 ser\u00e9 Consejero Universitario por Acad\u00e9micos.<\/p>\n<p>En el a\u00f1o de 2012 me encontr\u00e9 trabajando en mi proyecto de Sab\u00e1tico, m\u00e1s informaci\u00f3n en la opci\u00f3n para Materias dentro del Men\u00fa.<\/p>\n<p>Todo el a\u00f1o 2011 tuve a mi cargo la coordinaci\u00f3n (presidencia) de la Academia de Redes, dentro del Departamento de Sistemas Electr\u00f3nicos.<\/p>\n<p>M\u00e1s detalles del trabajo realizado posteriormente.<\/p>\n<p>Proyectos con los que sigo dentro de la Academia:<\/p>\n<ul>\n<li>Proyecto de Presencia Digital, para todo el Centro de Ciencias B\u00e1sicas (L\u00edder del Proyecto)<\/li>\n<li>Adecuaci\u00f3n y adquisici\u00f3n de servidores para el edificio 2014 &#8211; Lab. de Redes<\/li>\n<li>Administraci\u00f3n e investigaci\u00f3n para la aplicaci\u00f3n de plataformas de virtualizaci\u00f3n y educaci\u00f3n a distancia<\/li>\n<li>Sistema de Telefon\u00eda IP interno para el departamento, como piloto solo a la academia<\/li>\n<li>Soporte al programa de asesor\u00edas en programaci\u00f3n y redes (edificio 54)<\/li>\n<li>Administraci\u00f3n y puesta a punto de los Servicios:\n<ul>\n<li>Moodle para el Centro de Ciencias B\u00e1sicas<\/li>\n<li>Blogs Acad\u00e9micos sobre WordPress para la UAA<\/li>\n<\/ul>\n<\/li>\n<\/ul>\n<p>Cada cosa se especifica en su apartado correspondiente.<\/p>\n<hr \/>\nngg_shortcode_0_placeholder\n","protected":false},"excerpt":{"rendered":"<p>Como Acad\u00e9mico, soy miembro de la Academia de Redes y Sistemas Distribuidos, en la cual realizo o participo en proyectos en conjunto con otras \u00e1reas de la Universidad Aut\u00f3noma de Aguascalientes. Te comparto mi trabajo como Acad\u00e9mico: Desde el a\u00f1o 2013 he regresado a dar mis materias y desde Agosto del 2013 y hasta Junio [&hellip;]<\/p>\n","protected":false},"author":2,"featured_media":0,"parent":0,"menu_order":2,"comment_status":"closed","ping_status":"closed","template":"","meta":{"ngg_post_thumbnail":0,"footnotes":""},"class_list":["post-35","page","type-page","status-publish","hentry"],"_links":{"self":[{"href":"https:\/\/docentes.uaa.mx\/guido\/wp-json\/wp\/v2\/pages\/35"}],"collection":[{"href":"https:\/\/docentes.uaa.mx\/guido\/wp-json\/wp\/v2\/pages"}],"about":[{"href":"https:\/\/docentes.uaa.mx\/guido\/wp-json\/wp\/v2\/types\/page"}],"author":[{"embeddable":true,"href":"https:\/\/docentes.uaa.mx\/guido\/wp-json\/wp\/v2\/users\/2"}],"replies":[{"embeddable":true,"href":"https:\/\/docentes.uaa.mx\/guido\/wp-json\/wp\/v2\/comments?post=35"}],"version-history":[{"count":9,"href":"https:\/\/docentes.uaa.mx\/guido\/wp-json\/wp\/v2\/pages\/35\/revisions"}],"predecessor-version":[{"id":829,"href":"https:\/\/docentes.uaa.mx\/guido\/wp-json\/wp\/v2\/pages\/35\/revisions\/829"}],"wp:attachment":[{"href":"https:\/\/docentes.uaa.mx\/guido\/wp-json\/wp\/v2\/media?parent=35"}],"curies":[{"name":"wp","href":"https:\/\/api.w.org\/{rel}","templated":true}]}}