{"id":41,"date":"2014-08-19T17:28:38","date_gmt":"2014-08-19T22:28:38","guid":{"rendered":"http:\/\/docentes.uaa.mx\/guido\/?page_id=41"},"modified":"2020-09-01T14:43:13","modified_gmt":"2020-09-01T19:43:13","slug":"isc-introduccion-ingenieria","status":"publish","type":"page","link":"https:\/\/docentes.uaa.mx\/guido\/materias\/isc-introduccion-ingenieria\/","title":{"rendered":"ISC 1 &#8211; Introducci\u00f3n a la Ingenier\u00eda"},"content":{"rendered":"<div id=\"pl-41\"  class=\"panel-layout\" ><div id=\"pg-41-0\"  class=\"panel-grid panel-no-style\" ><div id=\"pgc-41-0-0\"  class=\"panel-grid-cell\" ><div id=\"panel-41-0-0-0\" class=\"so-panel widget widget_sow-editor panel-first-child\" data-index=\"0\" ><div\n\t\t\t\n\t\t\tclass=\"so-widget-sow-editor so-widget-sow-editor-base\"\n\t\t\t\n\t\t>\n<div class=\"siteorigin-widget-tinymce textwidget\">\n\t<p><strong><a href=\"http:\/\/docentes.uaa.mx\/guido\/wp-content\/uploads\/sites\/2\/2016\/02\/redes1.jpg\"><img loading=\"lazy\" decoding=\"async\" class=\"alignleft size-medium wp-image-665\" src=\"http:\/\/docentes.uaa.mx\/guido\/wp-content\/uploads\/sites\/2\/2016\/02\/redes1-300x225.jpg\" alt=\"\" width=\"300\" height=\"225\" srcset=\"https:\/\/docentes.uaa.mx\/guido\/wp-content\/uploads\/sites\/2\/2016\/02\/redes1-300x225.jpg 300w, https:\/\/docentes.uaa.mx\/guido\/wp-content\/uploads\/sites\/2\/2016\/02\/redes1-1024x770.jpg 1024w, https:\/\/docentes.uaa.mx\/guido\/wp-content\/uploads\/sites\/2\/2016\/02\/redes1.jpg 1590w\" sizes=\"(max-width: 300px) 100vw, 300px\" \/><\/a>Materia: <em>Introducci\u00f3n a la Ingenier\u00eda<\/em><\/strong><\/p>\n<p><strong>Clave: <em>24293<\/em><\/strong><\/p>\n<p><strong>Carrera: <em>Ingenier\u00eda en Sistemas Computacionales<\/em><\/strong><\/p>\n<p><strong>Ciclo: <em>Agosto - Diciembre del 2020<\/em><\/strong><\/p>\n<p style=\"text-align: center\"><strong>Grupo: <em>ISC 1o A y C<br \/>\n<\/em><\/strong><\/p>\n<p style=\"text-align: center\"><a href=\"https:\/\/docentes.uaa.mx\/guido\/?ddownload=202\" title=\"Programa de la materia\" rel=\"nofollow\" class=\"ddownload-button button-blue id-202 ext-pdf\">Programa de la materia<\/a><\/p>\n<p style=\"text-align: center\"><a href=\"http:\/\/moodle.ccbas.uaa.mx\/course\/view.php?id=15\" target=\"_blank\" rel=\"noopener noreferrer\">Soporte para el Curso a trav\u00e9s de CCBas-Moodle<\/a><\/p>\n<p style=\"text-align: center\"><a href=\"http:\/\/docentes.uaa.mx\/guido\/materias\/buzon-para-tareas\">Buz\u00f3n para entrega de Tareas: <\/a><\/p>\n<\/div>\n<\/div><\/div><div id=\"panel-41-0-0-1\" class=\"so-panel widget widget_sow-tabs\" data-index=\"1\" ><div\n\t\t\t\n\t\t\tclass=\"so-widget-sow-tabs so-widget-sow-tabs-default-02e4508ec074-41\"\n\t\t\t\n\t\t><h3 class=\"widget-title\">Unidades Tem\u00e1ticas<\/h3><div class=\"sow-tabs\">\n\t<div class=\"sow-tabs-tab-container\" role=\"tablist\">\n\t\t\t<div\n\t\t\tclass=\"sow-tabs-tab sow-tabs-tab-selected\"\n\t\t\trole=\"tab\"\n\t\t\tdata-anchor-id=\"unidad-i\"\n\t\t\taria-selected=\"true\"\n\t\t\ttabindex=\"0\"\n\t\t>\n\t\t\t<div class=\"sow-tabs-title sow-tabs-title-icon-left\">\n\t\t\t\t\t\t\t\tUnidad I: \t\t\t\t\t\t\t<\/div>\n\t\t<\/div>\n\t\t\t<div\n\t\t\tclass=\"sow-tabs-tab\"\n\t\t\trole=\"tab\"\n\t\t\tdata-anchor-id=\"unidad-ii\"\n\t\t\taria-selected=\"false\"\n\t\t\ttabindex=\"0\"\n\t\t>\n\t\t\t<div class=\"sow-tabs-title sow-tabs-title-icon-left\">\n\t\t\t\t\t\t\t\tUnidad II: \t\t\t\t\t\t\t<\/div>\n\t\t<\/div>\n\t\t\t<div\n\t\t\tclass=\"sow-tabs-tab\"\n\t\t\trole=\"tab\"\n\t\t\tdata-anchor-id=\"unidad-iii\"\n\t\t\taria-selected=\"false\"\n\t\t\ttabindex=\"0\"\n\t\t>\n\t\t\t<div class=\"sow-tabs-title sow-tabs-title-icon-left\">\n\t\t\t\t\t\t\t\tUnidad III: \t\t\t\t\t\t\t<\/div>\n\t\t<\/div>\n\t\t\t<div\n\t\t\tclass=\"sow-tabs-tab\"\n\t\t\trole=\"tab\"\n\t\t\tdata-anchor-id=\"unidad-iv\"\n\t\t\taria-selected=\"false\"\n\t\t\ttabindex=\"0\"\n\t\t>\n\t\t\t<div class=\"sow-tabs-title sow-tabs-title-icon-left\">\n\t\t\t\t\t\t\t\tUnidad IV: \t\t\t\t\t\t\t<\/div>\n\t\t<\/div>\n\t\t\t<div\n\t\t\tclass=\"sow-tabs-tab\"\n\t\t\trole=\"tab\"\n\t\t\tdata-anchor-id=\"unidad-v\"\n\t\t\taria-selected=\"false\"\n\t\t\ttabindex=\"0\"\n\t\t>\n\t\t\t<div class=\"sow-tabs-title sow-tabs-title-icon-left\">\n\t\t\t\t\t\t\t\tUnidad V: \t\t\t\t\t\t\t<\/div>\n\t\t<\/div>\n\t\t\t<div\n\t\t\tclass=\"sow-tabs-tab\"\n\t\t\trole=\"tab\"\n\t\t\tdata-anchor-id=\"material-de-apoyo\"\n\t\t\taria-selected=\"false\"\n\t\t\ttabindex=\"0\"\n\t\t>\n\t\t\t<div class=\"sow-tabs-title sow-tabs-title-icon-left\">\n\t\t\t\t\t\t\t\tMaterial de Apoyo: \t\t\t\t\t\t\t<\/div>\n\t\t<\/div>\n\t\t<\/div>\n\n\t<div class=\"sow-tabs-panel-container\">\n\t\t\t<div class=\"sow-tabs-panel\">\n\t\t\t<div\n\t\t\t\tclass=\"sow-tabs-panel-content\"\n\t\t\t\trole=\"tabpanel\"\n\t\t\t\taria-hidden=\"false\"\n\t\t\t>\n\t\t\t\tUnidad I: Fundamentos de Ingenier\u00eda\n<ul>\n \t<li><a href=\"https:\/\/docentes.uaa.mx\/guido\/?ddownload=287116\" title=\"Introducci\u00f3n a la Ingenier\u00eda en Sistemas\" rel=\"nofollow\" class=\"ddownload-button button-blue id-287116 ext-pdf\">Introducci\u00f3n a la Ingenier\u00eda en Sistemas<\/a><\/li>\n \t<li><a href=\"https:\/\/docentes.uaa.mx\/guido\/?ddownload=216\" title=\"Qu\u00e9 es la Tecnolog\u00eda\" rel=\"nofollow\" class=\"ddownload-button button-blue id-216 ext-pdf\">Qu\u00e9 es la Tecnolog\u00eda<\/a><\/li>\n \t<li><a href=\"https:\/\/docentes.uaa.mx\/guido\/?ddownload=219\" title=\"\u00c9tica para la Inform\u00e1tica\" rel=\"nofollow\" class=\"ddownload-button button-blue id-219 ext-pdf\">\u00c9tica para la Inform\u00e1tica<\/a><\/li>\n<\/ul>\t\t\t<\/div>\n\t\t<\/div>\n\t\t\t<div class=\"sow-tabs-panel\">\n\t\t\t<div\n\t\t\t\tclass=\"sow-tabs-panel-content\"\n\t\t\t\trole=\"tabpanel\"\n\t\t\t\taria-hidden=\"true\"\n\t\t\t>\n\t\t\t\t<p>Unidad II: Introducci\u00f3n a los Circuitos El\u00e9ctricos<\/p>\n<ul>\n<li><a href=\"https:\/\/hellsingge.files.wordpress.com\/2014\/03\/fundamentos-de-circuitos-elc3a9ctricos-3edi-sadiku.pdf\">Libro de Fundamentos&nbsp; de Circuitos El\u00e9ctricos<\/a><\/li>\n<li><a href=\"http:\/\/media.espora.org\/mgoblin_media\/media_entries\/1455\/Principios_de_circuitos_electricos.pdf\">Libro Principios de Circuitos El\u00e9ctricos<\/a><\/li>\n<li><a href=\"http:\/\/wwwprof.uniandes.edu.co\/~ant-sala\/descargas\/LibroFDC.pdf\">Libro Fundamentos de Circuitos<\/a><\/li>\n<li><a href=\"https:\/\/www.youtube.com\/watch?v=ENSzUWQsAbo\">Video de Ley de Ohm<\/a><\/li>\n<li><a href=\"https:\/\/www.youtube.com\/watch?v=Pf6TKOsWSlc\">Video de Fuentes en Serie y en Paralelo<\/a><\/li>\n<li><a href=\"http:\/\/wwwprof.uniandes.edu.co\/~ant-sala\/cursos\/FDC\/Contenidos\/07_Inductancia_y_Capacitancia.pdf\">Lectura de Inductancia y Capacitancia<\/a><\/li>\n<li>Video de <a href=\"https:\/\/www.youtube.com\/watch?v=NhU6QCNLglA\">Capacitancia e Inductancia<\/a><\/li>\n<\/ul>\n\t\t\t<\/div>\n\t\t<\/div>\n\t\t\t<div class=\"sow-tabs-panel\">\n\t\t\t<div\n\t\t\t\tclass=\"sow-tabs-panel-content\"\n\t\t\t\trole=\"tabpanel\"\n\t\t\t\taria-hidden=\"true\"\n\t\t\t>\n\t\t\t\tUnidad III: Caracter\u00edsticas de las Se\u00f1ales El\u00e9ctricas\n<ul>\n \t<li>Uno<\/li>\n \t<li>Dos<\/li>\n<\/ul>\t\t\t<\/div>\n\t\t<\/div>\n\t\t\t<div class=\"sow-tabs-panel\">\n\t\t\t<div\n\t\t\t\tclass=\"sow-tabs-panel-content\"\n\t\t\t\trole=\"tabpanel\"\n\t\t\t\taria-hidden=\"true\"\n\t\t\t>\n\t\t\t\tUnidad IV: L\u00f3gica Computacional\n<ul>\n \t<li><a href=\"https:\/\/docentes.uaa.mx\/guido\/?ddownload=141\" title=\"Sistemas Num\u00e9ricos\" rel=\"nofollow\" class=\"ddownload-button button-blue id-141 ext-pdf\">Sistemas Num\u00e9ricos<\/a><\/li>\n \t<li><a href=\"http:\/\/docentes.uaa.mx\/guido\/wp-content\/uploads\/sites\/2\/2014\/10\/algebra_boole.pdf\" target=\"_blank\" rel=\"noopener noreferrer\">Algebra Booleana<\/a><\/li>\n \t<li><a href=\"http:\/\/docentes.uaa.mx\/guido\/wp-content\/uploads\/sites\/2\/2014\/10\/aritm\u00e9tica-binaria.pdf\">Aritm\u00e9tica Binaria<\/a><\/li>\n \t<li><a href=\"http:\/\/docentes.uaa.mx\/guido\/wp-content\/uploads\/sites\/2\/2014\/10\/representacionBinaria.pdf\">Representaci\u00f3n Binaria<\/a><\/li>\n \t<li><a href=\"http:\/\/docentes.uaa.mx\/guido\/wp-content\/uploads\/sites\/2\/2014\/10\/Circuitos_Digitales.pdf\">Circuitos Digitales<\/a><\/li>\n \t<li><a href=\"http:\/\/es.wikipedia.org\/wiki\/Funci%C3%B3n_booleana\">Funciones y Operaciones Booleanas<\/a><\/li>\n \t<li><a href=\"http:\/\/docentes.uaa.mx\/guido\/wp-content\/uploads\/sites\/2\/2014\/10\/Boole-y-compuertas.pdf\" target=\"_blank\" rel=\"noopener noreferrer\">Operaciones y Compuertas Digitales<\/a><\/li>\n \t<li><a href=\"http:\/\/www.ntu.edu.sg\/home\/ehchua\/programming\/java\/datarepresentation.html\">Representaci\u00f3n de Valores Num\u00e9ricos usando bits<\/a><\/li>\n \t<li><a href=\"http:\/\/en.wikipedia.org\/wiki\/Floating_point\">Representaci\u00f3n de Flotantes<\/a><\/li>\n \t<li><a href=\"http:\/\/docentes.uaa.mx\/guido\/wp-content\/uploads\/sites\/2\/2014\/10\/BE_LE.pdf\">BigEndian y LittleEndian<\/a><\/li>\n \t<li><a href=\"http:\/\/es.wikipedia.org\/wiki\/Software\">Concepto de Software<\/a> (de wikipedia)<\/li>\n \t<li><a href=\"http:\/\/docentes.uaa.mx\/guido\/wp-content\/uploads\/sites\/2\/2014\/12\/Programaci\u00f3n-y-Aplicaciones.ppt\" target=\"_blank\" rel=\"noopener noreferrer\">Programaci\u00f3n y Aplicaciones<\/a><\/li>\n<\/ul>\t\t\t<\/div>\n\t\t<\/div>\n\t\t\t<div class=\"sow-tabs-panel\">\n\t\t\t<div\n\t\t\t\tclass=\"sow-tabs-panel-content\"\n\t\t\t\trole=\"tabpanel\"\n\t\t\t\taria-hidden=\"true\"\n\t\t\t>\n\t\t\t\tUnidad V: Redes y Sistemas Distribuidos\n<ul>\n \t<li><a href=\"http:\/\/docentes.uaa.mx\/guido\/wp-content\/uploads\/sites\/2\/2014\/12\/Redes-de-ordenadores.pdf\" target=\"_blank\" rel=\"noopener noreferrer\">Redes de computadoras<\/a><\/li>\n \t<li><a href=\"http:\/\/docentes.uaa.mx\/guido\/wp-content\/uploads\/sites\/2\/2014\/12\/introredes.pdf\" target=\"_blank\" rel=\"noopener noreferrer\">Introducci\u00f3n a las redes<\/a><\/li>\n \t<li><a href=\"http:\/\/docentes.uaa.mx\/guido\/wp-content\/uploads\/sites\/2\/2014\/12\/sistemas-distribuidos.pdf\" target=\"_blank\" rel=\"noopener noreferrer\">Introducci\u00f3n a los Sistemas Distribuidos<\/a><\/li>\n<\/ul>\t\t\t<\/div>\n\t\t<\/div>\n\t\t\t<div class=\"sow-tabs-panel\">\n\t\t\t<div\n\t\t\t\tclass=\"sow-tabs-panel-content\"\n\t\t\t\trole=\"tabpanel\"\n\t\t\t\taria-hidden=\"true\"\n\t\t\t>\n\t\t\t\t<p>Arquitectura de Computadoras<\/p>\n<ul>\n<li><a href=\"http:\/\/www.aliatuniversidades.com.mx\/bibliotecasdigitales\/pdf\/sistemas\/Arquitectura_computadoras_I.pdf\">Libro de Arquitectura de Computadoras<\/a><\/li>\n<li><a href=\"https:\/\/docentes.uaa.mx\/guido\/?ddownload=245\" title=\"Introducci\u00f3n a la arquitectura de computadoras\" rel=\"nofollow\" class=\"ddownload-button button-blue id-245 ext-pdf\">Introducci\u00f3n a la arquitectura de computadoras<\/a><\/li>\n<li><a href=\"https:\/\/sites.google.com\/site\/computadorasarquitectura\/home\/introduccion\">Curso de Introducci\u00f3n a la Computaci\u00f3n<\/a><\/li>\n<li><a href=\"http:\/\/informaticafloridablanca.files.wordpress.com\/2011\/03\/hardware-interno.pdf\" target=\"_blank\" rel=\"noopener noreferrer\">Introducci\u00f3n a las tarjetas madre<\/a><\/li>\n<li><a href=\"http:\/\/computer.howstuffworks.com\/motherboard4.htm\" target=\"_blank\" rel=\"noopener noreferrer\">Como funciona una Tarjeta Madre y su Bus<\/a><\/li>\n<li><a href=\"http:\/\/docentes.uaa.mx\/guido\/wp-content\/uploads\/sites\/2\/2014\/11\/Procesadores-Arquitecturas-y-Tecnologias.pdf\">Procesadores - Arquitecturas y Tecnolog\u00edas<\/a><\/li>\n<li><a href=\"http:\/\/www.techrepublic.com\/article\/understanding-your-motherboards-bus-system\/\" target=\"_blank\" rel=\"noopener noreferrer\">Entendiendo el bus de datos <\/a><\/li>\n<li><a href=\"http:\/\/docentes.uaa.mx\/guido\/wp-content\/uploads\/sites\/2\/2014\/11\/memorias_pdfumg_ks.pdf\" target=\"_blank\" rel=\"noopener noreferrer\">Organizaci\u00f3n de las memorias<\/a><\/li>\n<li><a href=\"http:\/\/docentes.uaa.mx\/guido\/wp-content\/uploads\/sites\/2\/2014\/11\/memorias.pdf\" target=\"_blank\" rel=\"noopener noreferrer\">Memorias<\/a><\/li>\n<li><a href=\"http:\/\/docentes.uaa.mx\/guido\/wp-content\/uploads\/sites\/2\/2014\/11\/discos_duros.pdf\">Organizaci\u00f3n de los discos duros<\/a><\/li>\n<li><a href=\"http:\/\/docentes.uaa.mx\/guido\/wp-content\/uploads\/sites\/2\/2014\/11\/multiprocesamiento.pdf\">Multiprocesamiento<\/a><\/li>\n<li><a href=\"http:\/\/docentes.uaa.mx\/guido\/wp-content\/uploads\/sites\/2\/2014\/11\/SistemasMultiprocT1.pdf\" target=\"_blank\" rel=\"noopener noreferrer\">Sistemas Multiprocesadores<\/a><\/li>\n<\/ul>\n\t\t\t<\/div>\n\t\t<\/div>\n\t\t<\/div>\n<\/div>\n<\/div><\/div><div id=\"panel-41-0-0-2\" class=\"so-panel widget widget_sow-editor panel-last-child\" data-index=\"2\" ><div\n\t\t\t\n\t\t\tclass=\"so-widget-sow-editor so-widget-sow-editor-base\"\n\t\t\t\n\t\t>\n<div class=\"siteorigin-widget-tinymce textwidget\">\n\t<p>Gu\u00edas para Ex\u00e1menes:<\/p>\n<ul>\n<li><a href=\"https:\/\/docentes.uaa.mx\/guido\/?ddownload=189\" title=\"Gu\u00eda para el Primer Parcial\" rel=\"nofollow\" class=\"ddownload-button button-blue id-189 ext-pdf\">Gu\u00eda para el Primer Parcial<\/a><\/li>\n<li><a href=\"https:\/\/docentes.uaa.mx\/guido\/?ddownload=239\" title=\"Gu\u00eda para el Segundo Parcial\" rel=\"nofollow\" class=\"ddownload-button button-blue id-239 ext-pdf\">Gu\u00eda para el Segundo Parcial<\/a><\/li>\n<li><a href=\"https:\/\/docentes.uaa.mx\/guido\/?ddownload=288\" title=\"Gu\u00eda para el Examen Final\" rel=\"nofollow\" class=\"ddownload-button button-blue id-288 ext-pdf\">Gu\u00eda para el Examen Final<\/a><\/li>\n<\/ul>\n<p>Proyecto Final:<\/p>\n<ul>\n<li><a href=\"https:\/\/docentes.uaa.mx\/guido\/?ddownload=281\" title=\"Descripci\u00f3n del Proyecto Final\" rel=\"nofollow\" class=\"ddownload-button button-blue id-281 ext-pdf\">Descripci\u00f3n del Proyecto Final<\/a> ha entregar como m\u00e1ximo en la fecha que el profesor estipule y en el modo que lo indique.<\/li>\n<\/ul>\n<\/div>\n<\/div><\/div><\/div><\/div><\/div>","protected":false},"excerpt":{"rendered":"<p>Materia: Introducci\u00f3n a la Ingenier\u00eda Clave: 24293 Carrera: Ingenier\u00eda en Sistemas Computacionales Ciclo: Agosto &#8211; Diciembre del 2020 Grupo: ISC 1o A y C Soporte para el Curso a trav\u00e9s de CCBas-Moodle Buz\u00f3n para entrega de Tareas: Gu\u00edas para Ex\u00e1menes: Proyecto Final: ha entregar como m\u00e1ximo en la fecha que el profesor estipule y en [&hellip;]<\/p>\n","protected":false},"author":2,"featured_media":0,"parent":28,"menu_order":1,"comment_status":"closed","ping_status":"closed","template":"","meta":{"ngg_post_thumbnail":0,"footnotes":""},"class_list":["post-41","page","type-page","status-publish","hentry"],"_links":{"self":[{"href":"https:\/\/docentes.uaa.mx\/guido\/wp-json\/wp\/v2\/pages\/41"}],"collection":[{"href":"https:\/\/docentes.uaa.mx\/guido\/wp-json\/wp\/v2\/pages"}],"about":[{"href":"https:\/\/docentes.uaa.mx\/guido\/wp-json\/wp\/v2\/types\/page"}],"author":[{"embeddable":true,"href":"https:\/\/docentes.uaa.mx\/guido\/wp-json\/wp\/v2\/users\/2"}],"replies":[{"embeddable":true,"href":"https:\/\/docentes.uaa.mx\/guido\/wp-json\/wp\/v2\/comments?post=41"}],"version-history":[{"count":90,"href":"https:\/\/docentes.uaa.mx\/guido\/wp-json\/wp\/v2\/pages\/41\/revisions"}],"predecessor-version":[{"id":287135,"href":"https:\/\/docentes.uaa.mx\/guido\/wp-json\/wp\/v2\/pages\/41\/revisions\/287135"}],"up":[{"embeddable":true,"href":"https:\/\/docentes.uaa.mx\/guido\/wp-json\/wp\/v2\/pages\/28"}],"wp:attachment":[{"href":"https:\/\/docentes.uaa.mx\/guido\/wp-json\/wp\/v2\/media?parent=41"}],"curies":[{"name":"wp","href":"https:\/\/api.w.org\/{rel}","templated":true}]}}